{"id":65,"date":"2019-09-04T10:05:49","date_gmt":"2019-09-04T10:05:49","guid":{"rendered":"http:\/\/psl.li\/?page_id=65"},"modified":"2020-03-21T12:59:01","modified_gmt":"2020-03-21T12:59:01","slug":"preisliste","status":"publish","type":"page","link":"https:\/\/psl.li\/index.php\/preisliste\/","title":{"rendered":"Preise \/ Downloads"},"content":{"rendered":"\n<h2>Preise<\/h2>\n\n\n\n<p>Wir vermieten unser gesamtes Angebot &#8211; mit und ohne Techniker. Bei uns erhalten Sie das n\u00f6tige Material, um Ihren Event ins richtige Licht zu setzen und um Ihren Rednern Geh\u00f6r zu verschaffen.<br><br>Nat\u00fcrlich beraten wir Sie auch sehr gerne in einem pers\u00f6nlichen Gespr\u00e4ch.<\/p>\n\n\n\n<div class=\"wp-block-file\"><a href=\"https:\/\/psl.li\/wp-content\/uploads\/2020\/03\/Mietliste2020.pdf\" target=\"_blank\" rel=\"noreferrer noopener\">Mietpreisliste<\/a><\/div>\n\n\n\n<h2>Downloads<\/h2>\n\n\n\n<div class=\"wp-block-file\"><a href=\"https:\/\/psl.li\/wp-content\/uploads\/2020\/03\/Logos-EPS.zip\">Logos-EPS<\/a><\/div>\n\n\n\n<div class=\"wp-block-file\"><a href=\"https:\/\/psl.li\/wp-content\/uploads\/2020\/03\/cropped-lampe_lautsprecher-1.png\" target=\"_blank\" rel=\"noreferrer noopener\">nur Lampe und Lautsprecher<\/a><\/div>\n\n\n\n<span id=\"downloads\" style=\"display: none;\">&nbsp;<\/span>\n\n\n\n<p><\/p>\n","protected":false},"excerpt":{"rendered":"<p>Preise Wir vermieten unser gesamtes Angebot &#8211; mit und ohne Techniker. Bei uns erhalten Sie das n\u00f6tige Material, um Ihren Event ins richtige Licht zu setzen und um Ihren Rednern Geh\u00f6r zu verschaffen. Nat\u00fcrlich beraten wir Sie auch sehr gerne in einem pers\u00f6nlichen Gespr\u00e4ch. Downloads &nbsp;<\/p>\n","protected":false},"author":1,"featured_media":198,"parent":0,"menu_order":0,"comment_status":"closed","ping_status":"closed","template":"","meta":[],"_links":{"self":[{"href":"https:\/\/psl.li\/index.php\/wp-json\/wp\/v2\/pages\/65"}],"collection":[{"href":"https:\/\/psl.li\/index.php\/wp-json\/wp\/v2\/pages"}],"about":[{"href":"https:\/\/psl.li\/index.php\/wp-json\/wp\/v2\/types\/page"}],"author":[{"embeddable":true,"href":"https:\/\/psl.li\/index.php\/wp-json\/wp\/v2\/users\/1"}],"replies":[{"embeddable":true,"href":"https:\/\/psl.li\/index.php\/wp-json\/wp\/v2\/comments?post=65"}],"version-history":[{"count":26,"href":"https:\/\/psl.li\/index.php\/wp-json\/wp\/v2\/pages\/65\/revisions"}],"predecessor-version":[{"id":239,"href":"https:\/\/psl.li\/index.php\/wp-json\/wp\/v2\/pages\/65\/revisions\/239"}],"wp:featuredmedia":[{"embeddable":true,"href":"https:\/\/psl.li\/index.php\/wp-json\/wp\/v2\/media\/198"}],"wp:attachment":[{"href":"https:\/\/psl.li\/index.php\/wp-json\/wp\/v2\/media?parent=65"}],"curies":[{"name":"wp","href":"https:\/\/api.w.org\/{rel}","templated":true}]}}